y**2. Suppose -4*z = -4*n + 2 + 18, 23 = 4*n - z. What is u(n)?
5
Let b(z) = -12*z + 5*z**2 - 14*z**3 + z - 2*z + 15*z**3 - 28 + 11*z. Calculate b(-4).
-4
Let h(m) be the first derivative of m**6/360 + m**5/30 - m**4/12 - 38*m**3/3 - m + 154. Let i(u) be the third derivative of h(u). Give i(-4).
-2
Let h(c) be the second derivative of c**5/60 + c**4/6 - 5*c**3/6 + 73*c**2/2 - 60*c - 1. Let d(u) be the first derivative of h(u). Give d(4).
27
Let t(v) be the third derivative of 1/3*v**3 + 7/60*v**5 - v**2 + 3*v - 1/24*v**4 + 0 - 1/120*v**6. Give t(7).
-5
Let j(g) = 2*g**2 - 11*g - 5. Let h be j(7). Let v be h/(-24) + (-5)/(-3). Let t(i) be the second derivative of i**5/10 - i**3/6 + 2*i - 6. What is t(v)?
1
Suppose 3*h + 5*f = 10, 3*f + 5 - 11 = -5*h. Let i(g) = 3*g**3 - 4*g**2 + g + 9. Let n(v) = 4*v**3 - 5*v**2 + v + 10. Let c(t) = 5*i(t) - 4*n(t). Give c(h).
5
Let w(k) be the first derivative of -1/4*k**4 + k - k**3 + 0*k**2 + 2. Let z be -4 + 1 - (0/(-2) - 0). Calculate w(z).
1
Suppose -1132*v + 1191*v = -118. Let a(y) = 14*y + 22. What is a(v)?
-6
Suppose 11*o = 10*o + 3. Let c(p) = p**3 + p + 5 - 2*p**3 + 267*p**2 - 264*p**2 - o*p. Calculate c(4).
-19
Let r(g) = -g**2 - 6*g + 4. Let t(v) = -1. Let k(b) = -r(b) + 3*t(b). Suppose 0 = -27*i + 28*i + 7. Calculate k(i).
0
Let i(c) be the first derivative of -c**2/2 + 18*c + 66. Let w be i(10). Let o(x) = -x**2 + 8*x - 4. Calculate o(w).
-4
Let p(s) = s - 13. Suppose 13*v - 24 = 106. Calculate p(v).
-3
Let a(p) be the third derivative of p**6/120 + p**5/12 - 5*p**3/6 - 3*p**2. Let z = 1184 + -1189. Calculate a(z).
-5
Let z(v) be the second derivative of 0 - 1/4*v**4 + 2*v**2 - 1/6*v**3 - 22*v + 1/20*v**5. Determine z(3).
1
Let i(g) be the third derivative of 0*g + 0 + 542*g**2 - 1/2*g**3 - 1/12*g**4. Let q be 0 + 1 - (-6 - -2). What is i(q)?
-13
Let z(d) = -4*d + 2. Let n(c) = 3*c + 1. Let g(i) = 3*n(i) + 4*z(i). Let y(t) = -19*t + 34. Let v(a) = -11*g(a) + 4*y(a). Calculate v(-7).
8
Let w(z) = z**2 - 4*z + 5. Let d = -580 + 576. Let y(t) be the second derivative of t**4/12 - 5*t**3/6 + 2*t**2 + 3*t. Let k(n) = d*w(n) + 3*y(n). What is k(0)?
-8
Let m(y) = y + 35. Let c(x) = x + 18. Let v(n) = 2*c(n) - m(n). Calculate v(-7).
-6
Let v = -9032 + 9007. Let g(w) = -w**2 - 26*w - 27. What is g(v)?
-2
Let c(d) be the first derivative of -d**3 - d**2 + d + 1. Suppose 57*o - 20 = 53*o. Suppose 4*q = 2*i - 14, q + 0*i - 13 = -o*i. Determine c(q).
-7
Let s be (11108*91/56)/((-2)/(-4)). Let a(c) = 36103*c + 0 - s*c - 3. Calculate a(4).
5
Let z(u) = 67 + 0*u**2 - 6*u - 142 - 5*u**2 - u**3 + 78. Let k(r) = -11*r - 3*r**2 - 6*r**2 + 1 + 6 - 2*r**3. Let g(x) = -2*k(x) + 5*z(x). What is g(-6)?
13
Let v(m) = -58*m**3 - 40*m**2 - 87*m + 66. Let l(y) = 21*y**3 + 13*y**2 + 30*y - 22. Let n(i) = 11*l(i) + 4*v(i). What is n(-16)?
54
Let d(z) = -z**2 - 22*z + 78. Suppose 0 = -2*l + 7*b + 69, -b - 21 = 114*l - 118*l. What is d(l)?
3
Let q(a) = 8*a**3 + 35*a**2 - 105*a - 5. Let g(f) = -19*f**3 - 69*f**2 + 210*f + 12. Let z(j) = -3*g(j) - 7*q(j). Determine z(35).
-1
Let k(f) = 5*f - 8. Let p(t) = t**2 + 4*t + 5. Let n be p(-2). Let i(d) = -d + 8*d - n - 6*d. Let a(b) = -4*i(b) + k(b). Calculate a(4).
0
Let i(c) = -c**2 - 23*c - 97. Let d be i(-6). Let k(x) = 12*x - 14. Let n(h) = -17*h + 21. Let s(o) = d*n(o) + 7*k(o). Determine s(8).
-1
Let j = -159 - -161. Let m(u) = -u - 8 + 17 - 3 - u**j. Give m(0).
6
Suppose 0 = 3*r - 110 - 67. Suppose 0 = -2*w + y + 110, 0 = -0*w + 2*w - 4*y - 110. Let a = w - r. Let l(m) = -4*m - 5. What is l(a)?
11
Let a(l) = -3*l**2 - 2. Let s(r) = 8*r**2 - 42*r - 15. Let u(j) = -4*a(j) - s(j). Give u(-10).
3
Let m(x) = 12*x - 1. Suppose 5*q + 859 - 829 = 0. Let r(t) = t**2 + 6*t + 1. Let n be r(q). What is m(n)?
11
Suppose 4*t + 0 + 0 = 0. Suppose 2*k = 5*d - k + 9, d + k - 3 = t. Let y(i) = 8*i + 25. Let h(c) = 5*c + 13. Let z(s) = -5*h(s) + 3*y(s). Determine z(d).
10
Let l = 114 - 109. Let i(a) = -3*a**2 + 3*a + 8. Let s(p) = -4*p**2 + 4*p + 12. Let w(d) = l*s(d) - 7*i(d). What is w(0)?
4
Let v(w) be the first derivative of 8/3*w**3 + 13 + 4*w - 1/4*w**4 - 7/2*w**2. Let l be v(7). Let i(n) = -n**2 + 7*n - 5. Give i(l).
7
Let c(f) be the first derivative of -f**3/3 + 6*f**2 + 60*f + 8996. Give c(12).
60
Let d(a) = 12*a - a**2 - 5 + 2*a**2 + 7 - 5. Let b = -992 - -980. What is d(b)?
-3
Suppose 2*m - 9*m = -1330. Let n = 188 - m. Let u(h) = 0 + 0 - h**3 - 2*h**2 - 3*h. Calculate u(n).
6
Suppose 6*o - 2*o + 2*c - 50 = 0, -5*o + c + 59 = 0. Let r(s) = 8*s**2 - 9*s**2 + 109*s + 82*s - 6 - 178*s. Calculate r(o).
6
Let i(m) = 9*m - 15. Suppose 4*b - 10 = -2*x, -2*b = -4*x + 2*b + 32. Calculate i(x).
48
Suppose 0 = -3*y - 5*v - 4, -4 = -y - 59*v + 60*v. Let q be (-7 - (y - -7)) + 7. Let l(p) = p**2 + 11*p + 11. Give l(q).
-7
Let f(c) = 3*c**2 + 5*c - 1. Let x(d) = -10*d**2 - 15*d. Let p(h) = -h**2 + 41*h - 266. Let j be p(33). Let t(u) = j*x(u) - 7*f(u). Calculate t(-5).
7
Let y(z) = 3*z - 23. Let t(h) = h - 6. Let k be ((-3)/(-6))/((-47)/(-8) - 6). Let a(n) = k*t(n) + y(n). Let b = -2 + -6. What is a(b)?
9
Let z(t) = -6*t**2 - t - 2490480 + 3*t**3 + 2490481 - 15*t**3. What is z(-1)?
8
Let z(k) = k**3 + 16*k**2 - 19*k - 31. Let c be z(-17). Let m(l) = -4*l**c + 0*l**2 - 1 + 3*l**3 + 2*l**3 - 9*l + 6*l**2. Let x = -23 + 16. Determine m(x).
13
Let m(i) = -i**3 - 13*i**2 + 30*i + 2. Suppose 3*d + 5*t - 1916 = -1981, -8 = 2*t. What is m(d)?
2
Suppose 4*o - 1566 = -54*o. Let x(w) = 15*w - o*w - 20 + 9*w + 6*w. What is x(5)?
-5
Suppose 0 = n - 0*n - 9. Suppose n*q = 16 + 47. Let p(r) = 3*r - q*r - 93 + 91. What is p(2)?
-10
Suppose -3*p = -35*i + 42*i - 33, -4*i - 4*p + 12 = 0. Let n(l) = 10*l - 46. What is n(i)?
14
Suppose 1 = -3*i + 30*n - 29*n, 0 = -2*i + 2*n + 2. Suppose 2*k - 9*z = -4*z - 12, 4 = z. Let h(x) = k*x - 3*x + 3*x + 1 - 2*x. What is h(i)?
-1
Let i = -187 - -190. Let s(w) = 7*w + 3. Let d(x) = -10*x - 2. Let r(m) = i*d(m) + 4*s(m). Give r(-6).
18
Suppose -2*s = 78*i - 81*i + 32, -i + 41 = -5*s. Let l(q) = -q**3 + 7*q**2 - 9*q + 15. What is l(i)?
-3
Let h(a) be the third derivative of -a**6/360 - a**5/60 - 5*a**4/24 - 5*a**3/6 - 2*a**2 + 6. Let x(q) be the second derivative of h(q). Calculate x(-3).
4
Let b(g) be the third derivative of -96*g**2 + 0*g - 1/12*g**5 + 0 - 1/8*g**4 - 1/6*g**3 - 1/120*g**6. Determine b(-5).
14
Let y(o) = o**3 - 12*o**2 + 52*o - 1119. Let z be y(14). Let a(d) = 54*d + 1. What is a(z)?
55
Let c(f) = 3*f**2 + 6. Let w(y) be the first derivative of 4*y**3/3 + 9*y + 2. Let i = 123 - 118. Let n(x) = i*w(x) - 7*c(x). Calculate n(4).
-13
Suppose 15 = 5*h - 5. Let k(g) = 8*g - 30. Let n be k(h). Let u(b) = 15 - 11 + 3*b**n - 6 - b**3 + b. What is u(-2)?
16
Let s(r) = -23*r + 1. Let x(q) = -80*q - 33. Let j(z) = -3*s(z) + x(z). Determine j(0).
-36
Let f(i) = -i - 1. Let c(d) = 4*d + 4. Let a(s) = 2*c(s) + 9*f(s). Suppose -83*h = -84*h - 5*t, 2*h = -5*t + 10. Give a(h).
-11
Let i(r) = 239*r - 20. Let p(k) = 209*k - 16. Let x(z) = 7*i(z) - 8*p(z). Suppose 0 = -5*v + 36 + 49. Suppose -v = -3*u + 13. What is x(u)?
-2
Let g(n) = 2*n + 4. Let o(p) = -16*p. Let j be o(-1). Let w be (-1)/3 - j/24. Let u = w - -6. Determine g(u).
14
Let y(a) = -6*a**2 + 1. Suppose r = 5*b - 35, 3*b = -2*r - 12 + 46. Let o be (18/(-15))/(b/(-20)). Suppose -3*t = 5*g - 7, -g + 2 = -o*t + 15. Calculate y(g).
-5
Let l(v) = -3. Let n(z) = z - 2. Let i(j) = 7*l(j) + 2*n(j). Calculate i(-6).
-37
Let z(d) = -d**3 + 37672 - 18836 - 18841 + d - 3*d**2. Let r(q) = -q + 3. Let j be r(7). Give z(j).
7
Let y(b) = b**2 - 4*b + 1. Let c be y(3). Let q be (0/(-14))/(6/c). Let o(v) = -v + 4. Determine o(q).
4
Suppose -36 = -2*q - u + 1, -5*q - 4*u + 85 = 0. Let l = -19 + q. Let y(d) = d**l - 3*d + 4*d - d - 3*d - 3. Give y(4).
1
Let u(n) = -4 - 8*n - 1 - n**2 + 0*n**2. Suppose -113 = 2*p + 3*c + 359, -4*c = 2*p + 476. Let j be p/26 + (-130)/845. Determine u(j).
-14
Let k = -123 - -123. Suppose -4*c + 10 - 34 = k. Let d(n) = n**3 + 6*n**2 + 6. Determine d(c).
6
Let p(x) = x - 4. Let g = -156 - -152. Let w(z) = -3*z - 17. Let l be w(g). Determine p(l).
-9
Let a(i) be the second derivative of i**5/20 + i**4/2 + i**3/3 + 3*i**2/2 + i. Let m = -33543 - -33537. Determine a(m).
-9
Let n(p) = 2*p**3 + 8*p**2 + 9*p + 5. L